ime factors of l?
2, 29
Suppose 33*l - 182832 = 565707. What are the prime factors of l?
3, 7561
Let x = 156 + -146. Let p(i) = -2*i**3 + 23*i**2 - 19*i + 1. List the prime factors of p(x).
3, 37
Let r = 2261 - 1076. List the prime factors of 4/(-16) + r/4.
2, 37
List the prime factors of (-79664)/(-11) - (-512)/(-2816).
2, 3, 17, 71
Suppose 2 = 5*m + b, 0*m - 3*m + 8 = 4*b. Suppose 28808 = 5*f + 4*w, m = 4*f - 3*w - 1709 - 21325. List the prime factors of (-2 - (-20)/11) + f/99.
2, 29
Suppose -1410 - 221 = 7*q. Let u = q + 406. What are the prime factors of u?
173
Suppose -3*w + 5*h = 16, -w - 2 = -h - 0*h. Suppose -32 = -w*a - 50. What are the prime factors of a/(-4)*(93 - -5)?
3, 7
Suppose -8484*k + 8503*k = 233852. List the prime factors of k.
2, 17, 181
Suppose -5*a + 6 = -3*a - f, 0 = 5*a - 2*f - 15. Let q be a/(-9) - (-2)/6. Suppose q = 52*h - 56*h + 260. What are the prime factors of h?
5, 13
Suppose -102 + 282 = -5*x. Let v be (-116)/x + -2*(-2)/(-18). List the prime factors of 18/(-15)*(-82 + -1 + v).
2, 3
Let w(v) = 2*v**3 - 9*v**2 - 255*v - 112. List the prime factors of w(33).
2, 41, 653
Suppose -25 + 29 = c, -8377 = -3*a - 4*c. List the prime factors of a.
3, 929
Let j = 4652 - 2027. What are the prime factors of j?
3, 5, 7
Let h = -2 + 5. Suppose 19*g - 2816 = -109*g. Suppose -h*a = -4*a + g. What are the prime factors of a?
2, 11
Suppose -713*m = -730*m + 85. Suppose 2*y = m*z - 8495, 33*z - 3377 = 31*z + 5*y. What are the prime factors of z?
3, 7
Suppose 36110 = 3*a + g, -g - 8329 - 51857 = -5*a. List the prime factors of a.
12037
List the prime factors of (77784/63)/(4/6).
2, 463
Let y(k) = -39*k + 2. Let j(q) = q + 15. Let r be j(-13). Suppose -4*m - 28 = -4*x, -3*m - x = -r*m - 3. List the prime factors of y(m).
2, 5
Suppose -14*u - 494 = 864. Let n = u - -202. What are the prime factors of n?
3, 5, 7
Let s(l) = -6*l + 48. Let t(w) = 6*w - 48. Let z(q) = 3*s(q) + 4*t(q). What are the prime factors of z(14)?
2, 3
Suppose 12 = -5*t - w + 98, 0 = 3*t - 3*w - 66. List the prime factors of (-3)/((-9 - -8)/t).
2, 3
Suppose -317*z = -219*z - 536844. List the prime factors of z.
2, 3, 11, 83
Suppose 0 = 2*b + 4*o - 12752, 5*o = 5*b - 6332 - 25548. What are the prime factors of b?
2, 797
Let l(t) = 599*t**2 + 17*t + 38. Let f be l(-2). Let q = f - 1712. List the prime factors of q.
2, 43
Let x be (-1 + 2/4)/((-6)/72). Suppose -8*p + 4 = -x*p. List the prime factors of 8/6*37 + p/3.
2, 5
Let p(x) = -x**3 - 23*x**2 - 26*x - 84. Let s be p(-22). Suppose 4300 = 8*v - s*v. What are the prime factors of v?
5, 43
Let m(g) = -g**3 + 4*g**2 + 35*g - 19. Let b be m(8). Suppose -b*w = -4*w - 135. List the prime factors of w.
3, 5
Let c(w) be the first derivative of -w**3/3 + 2*w**2 + 8*w + 483. Let g(p) = -p + 2. Let h be g(-2). What are the prime factors of c(h)?
2
Let a(g) = 34*g**2 - 69*g + 712. List the prime factors of a(15).
17, 431
Suppose 22*f + 170959 = -20*f + 806041. List the prime factors of f.
15121
List the prime factors of 2/(-7 - 1215588/(-173652)).
29, 499
Let u = -1462 - -7316. List the prime factors of u.
2, 2927
Let f(p) = 309*p**2 - 63*p - 261. What are the prime factors of f(-4)?
3, 5, 7, 47
Suppose -14 + 8 = -2*k. Suppose -3*f + 4*h + 360 = 0, -4*f - 8*h = -k*h - 449. List the prime factors of f.
2, 29
List the prime factors of (567/28 - -3)*(-2996)/(-7).
3, 31, 107
Let q(y) = 2*y - 1. Let a be q(1). Let d be a/2*(828 + 4)/2. Let o = d - 110. What are the prime factors of o?
2, 7
Let p(q) = -q**3 + 9*q**2 + 23*q + 13. Let w = -112 - -106. What are the prime factors of p(w)?
5, 83
Let u = 137 - -11. Let n = u - 406. Let y = n + 362. What are the prime factors of y?
2, 13
Let g(x) = 95*x - 142. Let i(u) = -47*u + 73. Let n(a) = -2*g(a) - 5*i(a). What are the prime factors of n(15)?
2, 3, 11
What are the prime factors of 92/506 - (-318446)/22?
3, 5, 193
Suppose -4*k + 10 = -54. Let t(a) = 8*a - 12 - 2*a + 0*a - 3*a. List the prime factors of t(k).
2, 3
Let n(m) = m**3 - m**2 - 7*m + 5. Let q be n(3). Suppose -6*h = 3*u - q*h - 59, 4*u = -2*h + 62. Suppose 12*g + 147 = u*g. List the prime factors of g.
3, 7
Let y(x) = 2*x**2 + 18*x + 1. Let c be y(-6). Let r be (-15)/c + (-179)/(-7). Suppose 0 = 3*w - 0*m - 5*m - 98, -w + r = -5*m. List the prime factors of w.
2, 3
Let w be 8/((8 - 2)/3). Let r be 14/w - (-9)/(-6). List the prime factors of 68 + -6 + r/1.
2
Suppose 14*l = 128 - 58. Suppose -3*f = -10 - 8. Suppose -3*c + 98 = w, 0 = -l*c - 2*w + 169 - f. What are the prime factors of c?
3, 11
Suppose 47*t - 159060 = -75346 + 399305. What are the prime factors of t?
43, 239
Suppose 26273 + 50083 = 23*r - 33584. What are the prime factors of r?
2, 5, 239
Suppose -4*h + 19 = -3*v, 2*v - 6 = -0. Suppose w - h*w + 2460 = 0. List the prime factors of w.
2, 5, 41
Let s(k) = -k + 4. Let g be s(3). Let z be (59 - 2/(-2)) + (-3)/g. Suppose -n - 84 - z = -a, 0 = -4*a - 2*n + 552. List the prime factors of a.
139
Let s(q) = 4*q**2 - 4*q - 29. Suppose -46*m + 45*m = -6. What are the prime factors of s(m)?
7, 13
Let s(m) = 736*m**2 - 9*m + 23. What are the prime factors of s(3)?
2, 5, 331
Let u(s) = -s**3 + 4*s**2 - 3*s + 4. Let k be 1 - (0 - 4 - -2). Let m be u(k). List the prime factors of (0 - m) + 240/2.
2, 29
Let m(y) = -6*y - 34. Let p(t) = -30*t - 171. Let j(w) = 11*m(w) - 2*p(w). Let u be j(-6). Suppose u*z - 207 + 43 = 0. What are the prime factors of z?
41
What are the prime factors of (721*2)/(446/34 - 13)?
7, 17, 103
Suppose 74*u - 70*u - 18836 = 0. Suppose -12*h + u + 6559 = 0. Suppose 66 = 5*k - h. What are the prime factors of k?
3, 67
Suppose -m + 4*r + 5660 = 0, -5*m + 3*r + 19091 = -9260. List the prime factors of m.
2, 709
Suppose -2*u + p = -5, 0 = -4*u + 9*p - 11*p + 6. Suppose -u*g + 1210 = 2*z, z - 3*z - 3018 = -5*g. What are the prime factors of g?
2, 151
Let o(m) = -75*m - 9. Suppose 330 = 8*q - 3*q. Let x = -68 + q. What are the prime factors of o(x)?
3, 47
Let w be ((-16)/12)/(52/(-351)). List the prime factors of -5 + 8/12*w - -1301.
2, 3, 7, 31
Let t = -63956 + 119416. List the prime factors of t.
2, 5, 47, 59
Let c(v) = -v**3 + 12*v**2 + 12*v + 17. Let p be c(13). Let f be -2 + 822*-4*p/(-32). Suppose 4*l - f = -b, -2 = -2*b - 0*b. What are the prime factors of l?
2, 3, 17
Let q = -100 + 204. Let o(c) = 210 - q - c**2 - 5*c - 102. What are the prime factors of o(-4)?
2
Suppose -2*j - 5*o = -1, -6*j + 2*o - 12 = -j. Let z be 31 + -5 + j/(-2). What are the prime factors of ((-24)/z)/(-4) + 2364/54?
2, 11
Suppose -28*b + 33*b - 68685 = -4*y, -2*y = 0. List the prime factors of b.
3, 19, 241
List the prime factors of 14 - 4/((-16)/20396).
5113
Suppose 201*w + 16 = 205*w. Suppose -w*d = -d - 1506. What are the prime factors of d?
2, 251
Let q(w) = -2*w**2 + 35*w - 68. Let x be q(28). Let c = -228 - x. What are the prime factors of c?
2, 107
Suppose -f + 13 = j + f, 0 = 5*j - 4*f + 5. Let x(s) = 42*s + 3 - j + 86*s - 4. What are the prime factors of x(1)?
2, 31
Suppose -4*t = 3*k - 44324, -k = -5*t - 5087 - 9637. What are the prime factors of k?
2, 3691
Let w = 420 + 1125. List the prime factors of w.
3, 5, 103
Let y be (-3)/6*7*8/2. Let j(q) = q**2 - 7*q - 8. List the prime factors of j(y).
2, 11, 13
Suppose 92 = 20*a - 8. Suppose 0 = r + 3*i - 291, -2*r + a*i - 1455 = -7*r. What are the prime factors of r?
3, 97
Suppose 77*r - 866186 = -8*r + 1437399. What are the prime factors of r?
41, 661
Let n(l) = -30*l + 11. Suppose 0 = 5*t - 9*t + 24. Let b be n(t). Let k = b - -293. List the prime factors of k.
2, 31
Suppose 0 = -5950*b + 5953*b - 23652. What are the prime factors of b?
2, 3, 73
What are the prime factors of -5*(391878/(-360) - 3/12)?
2, 1361
Suppose 0 = 3*g + 2*h - 17636, 4*g - 20*g - h = -94107. List the prime factors of g.
2, 17, 173
Let h(d) = 4*d**3 - 3*d**2 + 4*d + 8. Let m be h(3). Suppose -1963 = -8*i + m. What are the prime factors of i?
2, 3, 43
Suppose 3*t + 1840 = a + 26, 4*t = 3*a - 2417. Let h = -265 - t. Suppose -5*i - h = -3*b, -b + 4*b - 295 = -4*i. List the prime factors of b.
3, 5, 7
Let k = -447 - -451. Suppose q = k*s + 667, -q + 3*s + 682 - 19 = 0. What are the prime factors of q?
3, 7, 31
Let u(h) = h**3 - 4*h**2 - 5*h. Let c = -53 + 59. Let j be u(c). What are the prime factors